{"id":14196,"date":"2025-07-14T17:22:50","date_gmt":"2025-07-14T20:22:50","guid":{"rendered":"https:\/\/riffel.com.br\/2025\/?page_id=14196"},"modified":"2025-10-07T08:52:59","modified_gmt":"2025-10-07T11:52:59","slug":"caixas-de-direcao","status":"publish","type":"page","link":"https:\/\/riffel.com.br\/2025\/moto-pecas\/caixas-de-direcao\/","title":{"rendered":"Caixas de Dire\u00e7\u00e3o"},"content":{"rendered":"\t\t<div data-elementor-type=\"wp-page\" data-elementor-id=\"14196\" class=\"elementor elementor-14196\" data-elementor-post-type=\"page\">\n\t\t\t\t<div class=\"elementor-element elementor-element-aa77ff2 e-con-full elementor-hidden-desktop e-flex e-con e-parent\" data-id=\"aa77ff2\" data-element_type=\"container\">\n\t\t\t\t<div class=\"elementor-element elementor-element-62a827e elementor-widget elementor-widget-image\" data-id=\"62a827e\" data-element_type=\"widget\" data-widget_type=\"image.default\">\n\t\t\t\t<div class=\"elementor-widget-container\">\n\t\t\t\t\t\t\t\t\t\t\t\t\t\t\t<img fetchpriority=\"high\" decoding=\"async\" width=\"700\" height=\"500\" src=\"https:\/\/riffel.com.br\/2025\/wp-content\/uploads\/2025\/07\/Pagina-mae-CX-Direcao-mobile.jpg\" class=\"attachment-full size-full wp-image-14689\" alt=\"\" srcset=\"https:\/\/riffel.com.br\/2025\/wp-content\/uploads\/2025\/07\/Pagina-mae-CX-Direcao-mobile.jpg 700w, https:\/\/riffel.com.br\/2025\/wp-content\/uploads\/2025\/07\/Pagina-mae-CX-Direcao-mobile-300x214.jpg 300w, https:\/\/riffel.com.br\/2025\/wp-content\/uploads\/2025\/07\/Pagina-mae-CX-Direcao-mobile-600x429.jpg 600w\" sizes=\"(max-width: 700px) 100vw, 700px\" \/>\t\t\t\t\t\t\t\t\t\t\t\t\t\t\t<\/div>\n\t\t\t\t<\/div>\n\t\t\t\t<\/div>\n\t\t<div class=\"elementor-element elementor-element-7826f68 e-con-full elementor-hidden-mobile elementor-hidden-tablet e-flex e-con e-parent\" data-id=\"7826f68\" data-element_type=\"container\">\n\t\t\t\t<div class=\"elementor-element elementor-element-75a9450 elementor-widget elementor-widget-image\" data-id=\"75a9450\" data-element_type=\"widget\" data-widget_type=\"image.default\">\n\t\t\t\t<div class=\"elementor-widget-container\">\n\t\t\t\t\t\t\t\t\t\t\t\t\t\t\t<img decoding=\"async\" width=\"1920\" height=\"500\" src=\"https:\/\/riffel.com.br\/2025\/wp-content\/uploads\/2025\/07\/Pagina-mae-CX-Direcao.jpg\" class=\"attachment-full size-full wp-image-14690\" alt=\"\" srcset=\"https:\/\/riffel.com.br\/2025\/wp-content\/uploads\/2025\/07\/Pagina-mae-CX-Direcao.jpg 1920w, https:\/\/riffel.com.br\/2025\/wp-content\/uploads\/2025\/07\/Pagina-mae-CX-Direcao-300x78.jpg 300w, https:\/\/riffel.com.br\/2025\/wp-content\/uploads\/2025\/07\/Pagina-mae-CX-Direcao-1024x267.jpg 1024w, https:\/\/riffel.com.br\/2025\/wp-content\/uploads\/2025\/07\/Pagina-mae-CX-Direcao-768x200.jpg 768w, https:\/\/riffel.com.br\/2025\/wp-content\/uploads\/2025\/07\/Pagina-mae-CX-Direcao-1536x400.jpg 1536w, https:\/\/riffel.com.br\/2025\/wp-content\/uploads\/2025\/07\/Pagina-mae-CX-Direcao-600x156.jpg 600w\" sizes=\"(max-width: 1920px) 100vw, 1920px\" \/>\t\t\t\t\t\t\t\t\t\t\t\t\t\t\t<\/div>\n\t\t\t\t<\/div>\n\t\t\t\t<\/div>\n\t\t\t\t<section class=\"elementor-section elementor-top-section elementor-element elementor-element-ca11bb2 elementor-section-content-middle elementor-section-boxed elementor-section-height-default elementor-section-height-default\" data-id=\"ca11bb2\" data-element_type=\"section\" data-settings=\"{&quot;background_background&quot;:&quot;classic&quot;}\">\n\t\t\t\t\t\t<div class=\"elementor-container elementor-column-gap-default\">\n\t\t\t\t\t<div class=\"elementor-column elementor-col-100 elementor-top-column elementor-element elementor-element-a25fec0\" data-id=\"a25fec0\" data-element_type=\"column\" data-settings=\"{&quot;background_background&quot;:&quot;classic&quot;}\">\n\t\t\t<div class=\"elementor-widget-wrap elementor-element-populated\">\n\t\t\t\t\t\t<div class=\"elementor-element elementor-element-0016eef elementor-widget elementor-widget-heading\" data-id=\"0016eef\" data-element_type=\"widget\" data-widget_type=\"heading.default\">\n\t\t\t\t<div class=\"elementor-widget-container\">\n\t\t\t\t\t<h1 class=\"elementor-heading-title elementor-size-default\">Caixas de Dire\u00e7\u00e3o<\/h1>\t\t\t\t<\/div>\n\t\t\t\t<\/div>\n\t\t\t\t<div class=\"elementor-element elementor-element-5756b0e elementor-widget elementor-widget-eael-breadcrumbs\" data-id=\"5756b0e\" data-element_type=\"widget\" data-widget_type=\"eael-breadcrumbs.default\">\n\t\t\t\t<div class=\"elementor-widget-container\">\n\t\t\t\t\t\t\t<div class=\"eael-breadcrumbs\">\n\t\t\t<div class=\"eael-breadcrumbs__content\"><a href=\"https:\/\/riffel.com.br\/2025\">Home<\/a> <span class=\"eael-breadcrumb-separator\">\/<\/span> <span class = \"eael-current\">P\u00e1gina<\/span><\/div>\t\t<\/div>\n\t\t\t\t\t\t<\/div>\n\t\t\t\t<\/div>\n\t\t\t\t\t<\/div>\n\t\t<\/div>\n\t\t\t\t\t<\/div>\n\t\t<\/section>\n\t\t<div class=\"elementor-element elementor-element-f7d18d1 e-flex e-con-boxed e-con e-parent\" data-id=\"f7d18d1\" data-element_type=\"container\">\n\t\t\t\t\t<div class=\"e-con-inner\">\n\t\t<div class=\"elementor-element elementor-element-3defd61 e-con-full e-flex e-con e-child\" data-id=\"3defd61\" data-element_type=\"container\">\n\t\t\t\t<div class=\"elementor-element elementor-element-ba90678 elementor-cta--valign-middle elementor-cta--layout-image-left elementor-cta--mobile-layout-image-above elementor-widget__width-inherit elementor-cta--skin-classic elementor-animated-content elementor-widget elementor-widget-call-to-action\" data-id=\"ba90678\" data-element_type=\"widget\" data-widget_type=\"call-to-action.default\">\n\t\t\t\t<div class=\"elementor-widget-container\">\n\t\t\t\t\t\t\t<a class=\"elementor-cta\" href=\"https:\/\/riffel.com.br\/2025\/moto-pecas\/caixa-de-direcao-conica\/\">\n\t\t\t\t\t<div class=\"elementor-cta__bg-wrapper\">\n\t\t\t\t<div class=\"elementor-cta__bg elementor-bg\" style=\"background-image: url(https:\/\/riffel.com.br\/2025\/wp-content\/uploads\/2025\/10\/CX-conica.png);\" role=\"img\" aria-label=\"CX c\u00f4nica\"><\/div>\n\t\t\t\t<div class=\"elementor-cta__bg-overlay\"><\/div>\n\t\t\t<\/div>\n\t\t\t\t\t\t\t<div class=\"elementor-cta__content\">\n\t\t\t\t\n\t\t\t\t\t\t\t\t\t<h3 class=\"elementor-cta__title elementor-cta__content-item elementor-content-item\">\n\t\t\t\t\t\tCaixa de Dire\u00e7\u00e3o C\u00f4nica\t\t\t\t\t<\/h3>\n\t\t\t\t\n\t\t\t\t\t\t\t\t\t<div class=\"elementor-cta__description elementor-cta__content-item elementor-content-item\">\n\t\t\t\t\t\tGarante resposta r\u00e1pida na pilotagem, com menor sensibilidade ao desalinhamento. Modelo c\u00f4nico tem constru\u00e7\u00e3o mais robusta e resistente.\t\t\t\t\t<\/div>\n\t\t\t\t\n\t\t\t\t\t\t\t\t\t<div class=\"elementor-cta__button-wrapper elementor-cta__content-item elementor-content-item \">\n\t\t\t\t\t<span class=\"elementor-cta__button elementor-button elementor-size-\">\n\t\t\t\t\t\tConfira\t\t\t\t\t<\/span>\n\t\t\t\t\t<\/div>\n\t\t\t\t\t\t\t<\/div>\n\t\t\t\t\t\t<\/a>\n\t\t\t\t\t\t<\/div>\n\t\t\t\t<\/div>\n\t\t\t\t<\/div>\n\t\t<div class=\"elementor-element elementor-element-6c30258 e-con-full e-flex e-con e-child\" data-id=\"6c30258\" data-element_type=\"container\">\n\t\t\t\t<div class=\"elementor-element elementor-element-e560926 elementor-cta--valign-middle elementor-cta--layout-image-left elementor-cta--mobile-layout-image-above elementor-widget__width-inherit elementor-cta--skin-classic elementor-animated-content elementor-widget elementor-widget-call-to-action\" data-id=\"e560926\" data-element_type=\"widget\" data-widget_type=\"call-to-action.default\">\n\t\t\t\t<div class=\"elementor-widget-container\">\n\t\t\t\t\t\t\t<a class=\"elementor-cta\" href=\"https:\/\/riffel.com.br\/2025\/moto-pecas\/caixa-de-direcao-esferica\/\">\n\t\t\t\t\t<div class=\"elementor-cta__bg-wrapper\">\n\t\t\t\t<div class=\"elementor-cta__bg elementor-bg\" style=\"background-image: url(https:\/\/riffel.com.br\/2025\/wp-content\/uploads\/2025\/10\/CX-esferica.png);\" role=\"img\" aria-label=\"CX esf\u00e9rica\"><\/div>\n\t\t\t\t<div class=\"elementor-cta__bg-overlay\"><\/div>\n\t\t\t<\/div>\n\t\t\t\t\t\t\t<div class=\"elementor-cta__content\">\n\t\t\t\t\n\t\t\t\t\t\t\t\t\t<h3 class=\"elementor-cta__title elementor-cta__content-item elementor-content-item\">\n\t\t\t\t\t\tCaixa de Dire\u00e7\u00e3o Esf\u00e9rica\t\t\t\t\t<\/h3>\n\t\t\t\t\n\t\t\t\t\t\t\t\t\t<div class=\"elementor-cta__description elementor-cta__content-item elementor-content-item\">\n\t\t\t\t\t\tProporciona pilotagem suave e silenciosa, com guia de roda precisa. Produzida com padr\u00e3o original de f\u00e1brica e tecnologia garantida Riffel.\t\t\t\t\t<\/div>\n\t\t\t\t\n\t\t\t\t\t\t\t\t\t<div class=\"elementor-cta__button-wrapper elementor-cta__content-item elementor-content-item \">\n\t\t\t\t\t<span class=\"elementor-cta__button elementor-button elementor-size-\">\n\t\t\t\t\t\tConfira\t\t\t\t\t<\/span>\n\t\t\t\t\t<\/div>\n\t\t\t\t\t\t\t<\/div>\n\t\t\t\t\t\t<\/a>\n\t\t\t\t\t\t<\/div>\n\t\t\t\t<\/div>\n\t\t\t\t<\/div>\n\t\t<div class=\"elementor-element elementor-element-092737c e-con-full e-flex e-con e-child\" data-id=\"092737c\" data-element_type=\"container\">\n\t\t\t\t<div class=\"elementor-element elementor-element-624eeb1 elementor-cta--valign-middle elementor-cta--layout-image-left elementor-cta--mobile-layout-image-above elementor-widget__width-inherit elementor-cta--skin-classic elementor-animated-content elementor-widget elementor-widget-call-to-action\" data-id=\"624eeb1\" data-element_type=\"widget\" data-widget_type=\"call-to-action.default\">\n\t\t\t\t<div class=\"elementor-widget-container\">\n\t\t\t\t\t\t\t<a class=\"elementor-cta\" href=\"https:\/\/riffel.com.br\/2025\/moto-pecas\/caixa-de-direcao-combinada\/\">\n\t\t\t\t\t<div class=\"elementor-cta__bg-wrapper\">\n\t\t\t\t<div class=\"elementor-cta__bg elementor-bg\" style=\"background-image: url(https:\/\/riffel.com.br\/2025\/wp-content\/uploads\/2025\/08\/11-Caixa-direcao-Combinada.jpg);\" role=\"img\" aria-label=\"11-Caixa-direcao-Combinada\"><\/div>\n\t\t\t\t<div class=\"elementor-cta__bg-overlay\"><\/div>\n\t\t\t<\/div>\n\t\t\t\t\t\t\t<div class=\"elementor-cta__content\">\n\t\t\t\t\n\t\t\t\t\t\t\t\t\t<h3 class=\"elementor-cta__title elementor-cta__content-item elementor-content-item\">\n\t\t\t\t\t\tCaixa de Dire\u00e7\u00e3o Combinada\t\t\t\t\t<\/h3>\n\t\t\t\t\n\t\t\t\t\t\t\t\t\t<div class=\"elementor-cta__description elementor-cta__content-item elementor-content-item\">\n\t\t\t\t\t\tA Caixa de Dire\u00e7\u00e3o Combinada Riffel \u00e9 feita em a\u00e7o liga, com dimens\u00f5es precisas e encaixe perfeito, conforme as especifica\u00e7\u00f5es do modelo original.\t\t\t\t\t<\/div>\n\t\t\t\t\n\t\t\t\t\t\t\t\t\t<div class=\"elementor-cta__button-wrapper elementor-cta__content-item elementor-content-item \">\n\t\t\t\t\t<span class=\"elementor-cta__button elementor-button elementor-size-\">\n\t\t\t\t\t\tConfira\t\t\t\t\t<\/span>\n\t\t\t\t\t<\/div>\n\t\t\t\t\t\t\t<\/div>\n\t\t\t\t\t\t<\/a>\n\t\t\t\t\t\t<\/div>\n\t\t\t\t<\/div>\n\t\t\t\t<\/div>\n\t\t\t\t\t<\/div>\n\t\t\t\t<\/div>\n\t\t\t\t<\/div>\n\t\t","protected":false},"excerpt":{"rendered":"<p>Caixas de Dire\u00e7\u00e3o Home \/ P\u00e1gina Caixa de Dire\u00e7\u00e3o C\u00f4nica Garante resposta r\u00e1pida na pilotagem, com menor sensibilidade ao desalinhamento. Modelo c\u00f4nico tem constru\u00e7\u00e3o mais robusta e resistente. Confira Caixa de Dire\u00e7\u00e3o Esf\u00e9rica Proporciona pilotagem suave e silenciosa, com guia de roda precisa. Produzida com padr\u00e3o original de f\u00e1brica e tecnologia garantida Riffel. Confira Caixa [&hellip;]<\/p>\n","protected":false},"author":1,"featured_media":0,"parent":885,"menu_order":0,"comment_status":"closed","ping_status":"closed","template":"","meta":{"footnotes":""},"class_list":["post-14196","page","type-page","status-publish","hentry"],"yoast_head":"<!-- This site is optimized with the Yoast SEO plugin v26.2 - https:\/\/yoast.com\/wordpress\/plugins\/seo\/ -->\n<title>Riffel - Caixas de Dire\u00e7\u00e3o<\/title>\n<meta name=\"robots\" content=\"index, follow, max-snippet:-1, max-image-preview:large, max-video-preview:-1\" \/>\n<link rel=\"canonical\" href=\"https:\/\/riffel.com.br\/2025\/moto-pecas\/caixas-de-direcao\/\" \/>\n<meta property=\"og:locale\" content=\"pt_BR\" \/>\n<meta property=\"og:type\" content=\"article\" \/>\n<meta property=\"og:title\" content=\"Riffel - Caixas de Dire\u00e7\u00e3o\" \/>\n<meta property=\"og:description\" content=\"Caixas de Dire\u00e7\u00e3o Home \/ P\u00e1gina Caixa de Dire\u00e7\u00e3o C\u00f4nica Garante resposta r\u00e1pida na pilotagem, com menor sensibilidade ao desalinhamento. Modelo c\u00f4nico tem constru\u00e7\u00e3o mais robusta e resistente. Confira Caixa de Dire\u00e7\u00e3o Esf\u00e9rica Proporciona pilotagem suave e silenciosa, com guia de roda precisa. Produzida com padr\u00e3o original de f\u00e1brica e tecnologia garantida Riffel. Confira Caixa [&hellip;]\" \/>\n<meta property=\"og:url\" content=\"https:\/\/riffel.com.br\/2025\/moto-pecas\/caixas-de-direcao\/\" \/>\n<meta property=\"og:site_name\" content=\"Riffel\" \/>\n<meta property=\"article:publisher\" content=\"https:\/\/www.facebook.com\/Riffel.OficialBR\/\" \/>\n<meta property=\"article:modified_time\" content=\"2025-10-07T11:52:59+00:00\" \/>\n<meta property=\"og:image\" content=\"https:\/\/riffel.com.br\/2025\/wp-content\/uploads\/2025\/07\/Pagina-mae-CX-Direcao-mobile.jpg\" \/>\n\t<meta property=\"og:image:width\" content=\"700\" \/>\n\t<meta property=\"og:image:height\" content=\"500\" \/>\n\t<meta property=\"og:image:type\" content=\"image\/jpeg\" \/>\n<meta name=\"twitter:card\" content=\"summary_large_image\" \/>\n<meta name=\"twitter:label1\" content=\"Est. tempo de leitura\" \/>\n\t<meta name=\"twitter:data1\" content=\"1 minuto\" \/>\n<script type=\"application\/ld+json\" class=\"yoast-schema-graph\">{\"@context\":\"https:\/\/schema.org\",\"@graph\":[{\"@type\":\"WebPage\",\"@id\":\"https:\/\/riffel.com.br\/2025\/moto-pecas\/caixas-de-direcao\/\",\"url\":\"https:\/\/riffel.com.br\/2025\/moto-pecas\/caixas-de-direcao\/\",\"name\":\"Riffel - Caixas de Dire\u00e7\u00e3o\",\"isPartOf\":{\"@id\":\"https:\/\/riffel.com.br\/2025\/#website\"},\"primaryImageOfPage\":{\"@id\":\"https:\/\/riffel.com.br\/2025\/moto-pecas\/caixas-de-direcao\/#primaryimage\"},\"image\":{\"@id\":\"https:\/\/riffel.com.br\/2025\/moto-pecas\/caixas-de-direcao\/#primaryimage\"},\"thumbnailUrl\":\"https:\/\/riffel.com.br\/2025\/wp-content\/uploads\/2025\/07\/Pagina-mae-CX-Direcao-mobile.jpg\",\"datePublished\":\"2025-07-14T20:22:50+00:00\",\"dateModified\":\"2025-10-07T11:52:59+00:00\",\"breadcrumb\":{\"@id\":\"https:\/\/riffel.com.br\/2025\/moto-pecas\/caixas-de-direcao\/#breadcrumb\"},\"inLanguage\":\"pt-BR\",\"potentialAction\":[{\"@type\":\"ReadAction\",\"target\":[\"https:\/\/riffel.com.br\/2025\/moto-pecas\/caixas-de-direcao\/\"]}]},{\"@type\":\"ImageObject\",\"inLanguage\":\"pt-BR\",\"@id\":\"https:\/\/riffel.com.br\/2025\/moto-pecas\/caixas-de-direcao\/#primaryimage\",\"url\":\"https:\/\/riffel.com.br\/2025\/wp-content\/uploads\/2025\/07\/Pagina-mae-CX-Direcao-mobile.jpg\",\"contentUrl\":\"https:\/\/riffel.com.br\/2025\/wp-content\/uploads\/2025\/07\/Pagina-mae-CX-Direcao-mobile.jpg\",\"width\":700,\"height\":500},{\"@type\":\"BreadcrumbList\",\"@id\":\"https:\/\/riffel.com.br\/2025\/moto-pecas\/caixas-de-direcao\/#breadcrumb\",\"itemListElement\":[{\"@type\":\"ListItem\",\"position\":1,\"name\":\"In\u00edcio\",\"item\":\"https:\/\/riffel.com.br\/2025\/\"},{\"@type\":\"ListItem\",\"position\":2,\"name\":\"Moto Pe\u00e7as\",\"item\":\"https:\/\/riffel.com.br\/2025\/moto-pecas\/\"},{\"@type\":\"ListItem\",\"position\":3,\"name\":\"Caixas de Dire\u00e7\u00e3o\"}]},{\"@type\":\"WebSite\",\"@id\":\"https:\/\/riffel.com.br\/2025\/#website\",\"url\":\"https:\/\/riffel.com.br\/2025\/\",\"name\":\"Riffel\",\"description\":\"Pe\u00e7as para moto\",\"publisher\":{\"@id\":\"https:\/\/riffel.com.br\/2025\/#organization\"},\"potentialAction\":[{\"@type\":\"SearchAction\",\"target\":{\"@type\":\"EntryPoint\",\"urlTemplate\":\"https:\/\/riffel.com.br\/2025\/?s={search_term_string}\"},\"query-input\":{\"@type\":\"PropertyValueSpecification\",\"valueRequired\":true,\"valueName\":\"search_term_string\"}}],\"inLanguage\":\"pt-BR\"},{\"@type\":\"Organization\",\"@id\":\"https:\/\/riffel.com.br\/2025\/#organization\",\"name\":\"Riffel - Pe\u00e7as a Acess\u00f3rios para Motos\",\"url\":\"https:\/\/riffel.com.br\/2025\/\",\"logo\":{\"@type\":\"ImageObject\",\"inLanguage\":\"pt-BR\",\"@id\":\"https:\/\/riffel.com.br\/2025\/#\/schema\/logo\/image\/\",\"url\":\"https:\/\/riffel.com.br\/2025\/wp-content\/uploads\/2020\/11\/logo-site.png\",\"contentUrl\":\"https:\/\/riffel.com.br\/2025\/wp-content\/uploads\/2020\/11\/logo-site.png\",\"width\":300,\"height\":56,\"caption\":\"Riffel - Pe\u00e7as a Acess\u00f3rios para Motos\"},\"image\":{\"@id\":\"https:\/\/riffel.com.br\/2025\/#\/schema\/logo\/image\/\"},\"sameAs\":[\"https:\/\/www.facebook.com\/Riffel.OficialBR\/\",\"https:\/\/www.instagram.com\/riffeloficial\/\",\"https:\/\/www.linkedin.com\/company\/riffel-moto-pe-as\/\",\"https:\/\/www.youtube.com\/Riffeloficialbr\"]}]}<\/script>\n<!-- \/ Yoast SEO plugin. -->","yoast_head_json":{"title":"Riffel - Caixas de Dire\u00e7\u00e3o","robots":{"index":"index","follow":"follow","max-snippet":"max-snippet:-1","max-image-preview":"max-image-preview:large","max-video-preview":"max-video-preview:-1"},"canonical":"https:\/\/riffel.com.br\/2025\/moto-pecas\/caixas-de-direcao\/","og_locale":"pt_BR","og_type":"article","og_title":"Riffel - Caixas de Dire\u00e7\u00e3o","og_description":"Caixas de Dire\u00e7\u00e3o Home \/ P\u00e1gina Caixa de Dire\u00e7\u00e3o C\u00f4nica Garante resposta r\u00e1pida na pilotagem, com menor sensibilidade ao desalinhamento. Modelo c\u00f4nico tem constru\u00e7\u00e3o mais robusta e resistente. Confira Caixa de Dire\u00e7\u00e3o Esf\u00e9rica Proporciona pilotagem suave e silenciosa, com guia de roda precisa. Produzida com padr\u00e3o original de f\u00e1brica e tecnologia garantida Riffel. Confira Caixa [&hellip;]","og_url":"https:\/\/riffel.com.br\/2025\/moto-pecas\/caixas-de-direcao\/","og_site_name":"Riffel","article_publisher":"https:\/\/www.facebook.com\/Riffel.OficialBR\/","article_modified_time":"2025-10-07T11:52:59+00:00","og_image":[{"width":700,"height":500,"url":"https:\/\/riffel.com.br\/2025\/wp-content\/uploads\/2025\/07\/Pagina-mae-CX-Direcao-mobile.jpg","type":"image\/jpeg"}],"twitter_card":"summary_large_image","twitter_misc":{"Est. tempo de leitura":"1 minuto"},"schema":{"@context":"https:\/\/schema.org","@graph":[{"@type":"WebPage","@id":"https:\/\/riffel.com.br\/2025\/moto-pecas\/caixas-de-direcao\/","url":"https:\/\/riffel.com.br\/2025\/moto-pecas\/caixas-de-direcao\/","name":"Riffel - Caixas de Dire\u00e7\u00e3o","isPartOf":{"@id":"https:\/\/riffel.com.br\/2025\/#website"},"primaryImageOfPage":{"@id":"https:\/\/riffel.com.br\/2025\/moto-pecas\/caixas-de-direcao\/#primaryimage"},"image":{"@id":"https:\/\/riffel.com.br\/2025\/moto-pecas\/caixas-de-direcao\/#primaryimage"},"thumbnailUrl":"https:\/\/riffel.com.br\/2025\/wp-content\/uploads\/2025\/07\/Pagina-mae-CX-Direcao-mobile.jpg","datePublished":"2025-07-14T20:22:50+00:00","dateModified":"2025-10-07T11:52:59+00:00","breadcrumb":{"@id":"https:\/\/riffel.com.br\/2025\/moto-pecas\/caixas-de-direcao\/#breadcrumb"},"inLanguage":"pt-BR","potentialAction":[{"@type":"ReadAction","target":["https:\/\/riffel.com.br\/2025\/moto-pecas\/caixas-de-direcao\/"]}]},{"@type":"ImageObject","inLanguage":"pt-BR","@id":"https:\/\/riffel.com.br\/2025\/moto-pecas\/caixas-de-direcao\/#primaryimage","url":"https:\/\/riffel.com.br\/2025\/wp-content\/uploads\/2025\/07\/Pagina-mae-CX-Direcao-mobile.jpg","contentUrl":"https:\/\/riffel.com.br\/2025\/wp-content\/uploads\/2025\/07\/Pagina-mae-CX-Direcao-mobile.jpg","width":700,"height":500},{"@type":"BreadcrumbList","@id":"https:\/\/riffel.com.br\/2025\/moto-pecas\/caixas-de-direcao\/#breadcrumb","itemListElement":[{"@type":"ListItem","position":1,"name":"In\u00edcio","item":"https:\/\/riffel.com.br\/2025\/"},{"@type":"ListItem","position":2,"name":"Moto Pe\u00e7as","item":"https:\/\/riffel.com.br\/2025\/moto-pecas\/"},{"@type":"ListItem","position":3,"name":"Caixas de Dire\u00e7\u00e3o"}]},{"@type":"WebSite","@id":"https:\/\/riffel.com.br\/2025\/#website","url":"https:\/\/riffel.com.br\/2025\/","name":"Riffel","description":"Pe\u00e7as para moto","publisher":{"@id":"https:\/\/riffel.com.br\/2025\/#organization"},"potentialAction":[{"@type":"SearchAction","target":{"@type":"EntryPoint","urlTemplate":"https:\/\/riffel.com.br\/2025\/?s={search_term_string}"},"query-input":{"@type":"PropertyValueSpecification","valueRequired":true,"valueName":"search_term_string"}}],"inLanguage":"pt-BR"},{"@type":"Organization","@id":"https:\/\/riffel.com.br\/2025\/#organization","name":"Riffel - Pe\u00e7as a Acess\u00f3rios para Motos","url":"https:\/\/riffel.com.br\/2025\/","logo":{"@type":"ImageObject","inLanguage":"pt-BR","@id":"https:\/\/riffel.com.br\/2025\/#\/schema\/logo\/image\/","url":"https:\/\/riffel.com.br\/2025\/wp-content\/uploads\/2020\/11\/logo-site.png","contentUrl":"https:\/\/riffel.com.br\/2025\/wp-content\/uploads\/2020\/11\/logo-site.png","width":300,"height":56,"caption":"Riffel - Pe\u00e7as a Acess\u00f3rios para Motos"},"image":{"@id":"https:\/\/riffel.com.br\/2025\/#\/schema\/logo\/image\/"},"sameAs":["https:\/\/www.facebook.com\/Riffel.OficialBR\/","https:\/\/www.instagram.com\/riffeloficial\/","https:\/\/www.linkedin.com\/company\/riffel-moto-pe-as\/","https:\/\/www.youtube.com\/Riffeloficialbr"]}]}},"_links":{"self":[{"href":"https:\/\/riffel.com.br\/2025\/wp-json\/wp\/v2\/pages\/14196","targetHints":{"allow":["GET"]}}],"collection":[{"href":"https:\/\/riffel.com.br\/2025\/wp-json\/wp\/v2\/pages"}],"about":[{"href":"https:\/\/riffel.com.br\/2025\/wp-json\/wp\/v2\/types\/page"}],"author":[{"embeddable":true,"href":"https:\/\/riffel.com.br\/2025\/wp-json\/wp\/v2\/users\/1"}],"replies":[{"embeddable":true,"href":"https:\/\/riffel.com.br\/2025\/wp-json\/wp\/v2\/comments?post=14196"}],"version-history":[{"count":15,"href":"https:\/\/riffel.com.br\/2025\/wp-json\/wp\/v2\/pages\/14196\/revisions"}],"predecessor-version":[{"id":15286,"href":"https:\/\/riffel.com.br\/2025\/wp-json\/wp\/v2\/pages\/14196\/revisions\/15286"}],"up":[{"embeddable":true,"href":"https:\/\/riffel.com.br\/2025\/wp-json\/wp\/v2\/pages\/885"}],"wp:attachment":[{"href":"https:\/\/riffel.com.br\/2025\/wp-json\/wp\/v2\/media?parent=14196"}],"curies":[{"name":"wp","href":"https:\/\/api.w.org\/{rel}","templated":true}]}}